{"id":771,"date":"2017-07-02T16:57:30","date_gmt":"2017-07-02T16:57:30","guid":{"rendered":"http:\/\/pope.esenf.pt\/intentcare\/?page_id=771"},"modified":"2019-06-02T18:30:02","modified_gmt":"2019-06-02T18:30:02","slug":"preparar-medicamentos-para-dar-atraves-da-sonda-nasogastrica-xarope","status":"publish","type":"page","link":"http:\/\/pope.esenf.pt\/intentcare?page_id=771","title":{"rendered":"Dar xarope atrav\u00e9s da sonda nasog\u00e1strica"},"content":{"rendered":"<p>1. Lave as m\u00e3os.<\/p>\n<p>2. Coloque \u00e1gua no copo.<\/p>\n<p>3. Agite o xarope.<\/p>\n<p>4. Coloque na colher medida o xarope pretendido.<\/p>\n<p>5. Coloque no copo e mexa.<\/p>\n<p>5. Aspire o conte\u00fado do medicamento para a seringa.<\/p>\n<p>6. Retire o ar existente na seringa.<\/p>\n<p>7. Antes de dar o medicamento deve <a href=\"http:\/\/pope.esenf.pt\/intentcare\/?page_id=667&amp;lang=pt\">verificar se a sonda est\u00e1 no est\u00f4mago<\/a>.<\/p>\n<p>8. Depois de dar o medicamento, introduzir cerca de 20ml de \u00e1gua para lavar a sonda.<\/p>\n<table>\n<tbody>\n<tr>\n<td><a href=\"http:\/\/pope.esenf.pt\/intentcare\/?page_id=769&amp;lang=pt\">Anterior (Dar comprimidos atrav\u00e9s da sonda nasog\u00e1strica)<\/a><\/td>\n<td style=\"text-align: right;\"><a href=\"http:\/\/pope.esenf.pt\/intentcare\/index.php\/pt\/temas\/\">Temas<\/a><\/td>\n<\/tr>\n<\/tbody>\n<\/table>\n<p style=\"text-align: left;\">\n","protected":false},"excerpt":{"rendered":"<p>1. Lave as m\u00e3os. 2. Coloque \u00e1gua no copo. 3. Agite o xarope. 4. Coloque na colher medida o xarope pretendido. 5. Coloque no copo e mexa. 5. Aspire o conte\u00fado do medicamento para a seringa. 6. Retire o ar existente na seringa. 7. Antes de dar o medicamento deve [&hellip;]<\/p>\n","protected":false},"author":1,"featured_media":0,"parent":658,"menu_order":10,"comment_status":"closed","ping_status":"closed","template":"","meta":{"spay_email":""},"jetpack_sharing_enabled":true,"jetpack_shortlink":"https:\/\/wp.me\/P8U6vi-cr","jetpack-related-posts":[{"id":769,"url":"http:\/\/pope.esenf.pt\/intentcare?page_id=769","url_meta":{"origin":771,"position":0},"title":"Dar comprimidos atrav\u00e9s da sonda nasog\u00e1strica","date":"2 Julho, 2017","format":false,"excerpt":"1. Lave as m\u00e3os. 2. Coloque \u00e1gua no copo. 3. Abra os comprimidos e esmague-os no almofariz e adicione \u00e1gua. 4. Aspire o conte\u00fado para a seringa. 5. Retire o ar existente na seringa. 6. Antes de dar o medicamento deve verificar se a sonda est\u00e1 no est\u00f4mago. 7. Depois\u2026","rel":"","context":"Similar post","img":{"alt_text":"","src":"","width":0,"height":0},"classes":[]},{"id":786,"url":"http:\/\/pope.esenf.pt\/intentcare?page_id=786","url_meta":{"origin":771,"position":1},"title":"Material para alimentar pessoa SNG","date":"3 Julho, 2017","format":false,"excerpt":"Bem vindo Em seguida poder\u00e1 observar algumas imagens relativas ao tema alimenta\u00e7\u00e3o atrav\u00e9s de sonda nasog\u00e1strica Equipamento \u00a0 Sonda nasog\u00e1strica Seringa de alimenta\u00e7\u00e3o Clampe Adesivo para colocar no nariz Resguardo Medicamento triturado Medicamento dilu\u00eddo\u00a0 na \u00e1gua Material necess\u00e1rio para preparar a alimenta\u00e7\u00e3o Imagens de procedimento \u00a0 Clampagem da sonda e\u2026","rel":"","context":"Similar post","img":{"alt_text":"","src":"https:\/\/i0.wp.com\/pope.esenf.pt\/intentcare\/wp-content\/uploads\/2017\/04\/sng-1.png?resize=350%2C200","width":350,"height":200},"classes":[]},{"id":673,"url":"http:\/\/pope.esenf.pt\/intentcare?page_id=673","url_meta":{"origin":771,"position":2},"title":"Alimentar atrav\u00e9s de sonda nasog\u00e1strica","date":"18 Maio, 2017","format":false,"excerpt":"1. Verifique a temperatura do alimento, colocando na parte interna do punho uma pequena quantidade. Alimentos muito quentes podem provocar queimaduras e muito frios desconforto. 2. Encha a seringa e adapte-a \u00e0 sonda nasog\u00e1strica. 3. Introduza o alimento lentamente, a refei\u00e7\u00e3o deve demorar cerca de 15 a 20 minutos. 4.\u2026","rel":"","context":"Similar post","img":{"alt_text":"","src":"","width":0,"height":0},"classes":[]},{"id":675,"url":"http:\/\/pope.esenf.pt\/intentcare?page_id=675","url_meta":{"origin":771,"position":3},"title":"Complica\u00e7\u00f5es e recomenda\u00e7\u00f5es","date":"18 Maio, 2017","format":false,"excerpt":"Desloca\u00e7\u00e3o da sonda ou sa\u00edda acidental: n\u00e3o tente recoloc\u00e1-la, contacte o enfermeiro. V\u00f3mitos: deve virar o seu familiar de lado para evitar que o conte\u00fado seja aspirado e chegue aos pulm\u00f5es. Deve interromper a alimenta\u00e7\u00e3o e contactar o enfermeiro. Diarreia: a alimenta\u00e7\u00e3o da pessoa com diarreia n\u00e3o deve ter alimentos\u2026","rel":"","context":"Similar post","img":{"alt_text":"","src":"","width":0,"height":0},"classes":[]},{"id":671,"url":"http:\/\/pope.esenf.pt\/intentcare?page_id=671","url_meta":{"origin":771,"position":4},"title":"Aspirar alimento para a seringa","date":"18 Maio, 2017","format":false,"excerpt":"1. Lave as m\u00e3os. 2.\u00a0 Aspire o alimento, com a seringa de alimenta\u00e7\u00e3o. 3.\u00a0 Retire o ar existente na seringa, com ajuda de um guardanapo. Anterior (verificar o res\u00edduo g\u00e1strico) Seguinte (alimentar atrav\u00e9s de SNG) \u00a0","rel":"","context":"Similar post","img":{"alt_text":"","src":"","width":0,"height":0},"classes":[]},{"id":767,"url":"http:\/\/pope.esenf.pt\/intentcare?page_id=767","url_meta":{"origin":771,"position":5},"title":"Cuidados na manuten\u00e7\u00e3o da sonda","date":"2 Julho, 2017","format":false,"excerpt":"Lavagem da boca\u00a0com vista a manter uma higiene adequada deve-se lavar a boca ap\u00f3s as refei\u00e7\u00f5es e sempre que necess\u00e1rio. Trocar adesivo da sonda:\u00a01) troque diariamente o adesivo que fixa a sonda. Primeiro retire o adesivo da sonda e em seguida do nariz. Cuidado para n\u00e3o deslocar a sonda; 2)\u2026","rel":"","context":"Similar post","img":{"alt_text":"","src":"","width":0,"height":0},"classes":[]}],"_links":{"self":[{"href":"http:\/\/pope.esenf.pt\/intentcare\/index.php?rest_route=\/wp\/v2\/pages\/771"}],"collection":[{"href":"http:\/\/pope.esenf.pt\/intentcare\/index.php?rest_route=\/wp\/v2\/pages"}],"about":[{"href":"http:\/\/pope.esenf.pt\/intentcare\/index.php?rest_route=\/wp\/v2\/types\/page"}],"author":[{"embeddable":true,"href":"http:\/\/pope.esenf.pt\/intentcare\/index.php?rest_route=\/wp\/v2\/users\/1"}],"replies":[{"embeddable":true,"href":"http:\/\/pope.esenf.pt\/intentcare\/index.php?rest_route=%2Fwp%2Fv2%2Fcomments&post=771"}],"version-history":[{"count":18,"href":"http:\/\/pope.esenf.pt\/intentcare\/index.php?rest_route=\/wp\/v2\/pages\/771\/revisions"}],"predecessor-version":[{"id":1866,"href":"http:\/\/pope.esenf.pt\/intentcare\/index.php?rest_route=\/wp\/v2\/pages\/771\/revisions\/1866"}],"up":[{"embeddable":true,"href":"http:\/\/pope.esenf.pt\/intentcare\/index.php?rest_route=\/wp\/v2\/pages\/658"}],"wp:attachment":[{"href":"http:\/\/pope.esenf.pt\/intentcare\/index.php?rest_route=%2Fwp%2Fv2%2Fmedia&parent=771"}],"curies":[{"name":"wp","href":"https:\/\/api.w.org\/{rel}","templated":true}]}}