{"id":732,"date":"2017-06-30T16:06:39","date_gmt":"2017-06-30T16:06:39","guid":{"rendered":"http:\/\/pope.esenf.pt\/intentcare\/?page_id=732"},"modified":"2019-06-02T21:22:43","modified_gmt":"2019-06-02T21:22:43","slug":"transferir-a-pessoa-da-cama-para-a-cadeira-se-o-seu-familiar-consegue-ficar-de-pe-com-ajuda","status":"publish","type":"page","link":"http:\/\/pope.esenf.pt\/intentcare?page_id=732","title":{"rendered":"Transferir cama-cadeira: familiar consegue ajudar"},"content":{"rendered":"<div style=\"width: 750px;\" class=\"wp-video\"><!--[if lt IE 9]><script>document.createElement('video');<\/script><![endif]-->\n<video class=\"wp-video-shortcode\" id=\"video-732-1\" width=\"750\" height=\"422\" preload=\"metadata\" controls=\"controls\"><source type=\"video\/mp4\" src=\"http:\/\/pope.esenf.pt\/intentcare\/wp-content\/uploads\/2017\/04\/P2.mp4?_=1\" \/><a href=\"http:\/\/pope.esenf.pt\/intentcare\/wp-content\/uploads\/2017\/04\/P2.mp4\">http:\/\/pope.esenf.pt\/intentcare\/wp-content\/uploads\/2017\/04\/P2.mp4<\/a><\/video><\/div>\n<p>1. Coloque a cadeira paralela \u00e0 cama e trave as rodas da cadeira e da cama.<\/p>\n<p>2. Ajude o seu familiar a sentar-se na beira da cama o mais pr\u00f3ximo da cadeira. O movimento de se sentar na cama \u00e9 facilitado se ele antes se colocar numa posi\u00e7\u00e3o lateral elevando o corpo com a ajuda dos bra\u00e7os.<\/p>\n<p>3. Se o seu familiar tem dificuldade em sentar-se na cama, cruze os bra\u00e7os e as pernas e coloque as suas m\u00e3os nos ombros e pernas ajudando-o a sentar.<\/p>\n<p>4. Para evitar que o familiar se desequilibre e caia, permane\u00e7a na sua frente \u00a0enquanto ele se acostuma \u00e0 posi\u00e7\u00e3o.<\/p>\n<p>5. Assegure que o seu familiar tem um cal\u00e7ado antiderrapante.<\/p>\n<p>6. Se a cama for articulada deve desc\u00ea-la ao n\u00edvel da cadeira.<\/p>\n<p>7. Coloque-se \u00e0 frente do seu familiar com a anca e com os joelhos dobrados, de forma a assegurar o equil\u00edbrio e a estabilidade.<\/p>\n<p>8. Coloque-se de forma que os joelhos do seu familiar fiquem encostados aos seus.<\/p>\n<p>9. Passe os bra\u00e7os em volta da cintura de seu familiar e pe\u00e7a-lhe para colocar as m\u00e3os nos seus ombros ajudando-o a erguer-se num movimento \u00fanico.<\/p>\n<p>10. Estimule o seu familiar a ficar nessa posi\u00e7\u00e3o, pois isso ajuda a melhorar a circula\u00e7\u00e3o.<\/p>\n<p>11. Guie o seu familiar at\u00e9 que a parte\u00a0<u><span class=\"tooltips \" style=\"\" title=\"&lt;span&gt;Localizado na parte de tr\u00e1s; que se encontra atr\u00e1s de&lt;\/span&gt;\">posterior<\/span><\/u> dos joelhos esteja encostado ao assento da cadeira pe\u00e7a-lhe para se apoiar nos bra\u00e7os da mesma antes de sentar. Enquanto senta o seu familiar mantenha os seus joelhos dobrados e as costas direitas.<\/p>\n<p>12. Verifique se o corpo do seu familiar ficou alinhado.<\/p>\n<table>\n<tbody>\n<tr>\n<td><a href=\"http:\/\/pope.esenf.pt\/intentcare\/?page_id=710&amp;lang=pt\">Anterior (transferir pessoa)<\/a><\/td>\n<td style=\"text-align: right;\"><a href=\"http:\/\/pope.esenf.pt\/intentcare\/?page_id=739&amp;lang=pt\">Seguinte (cadeira-cama familiar com autonomia)<\/a><\/td>\n<\/tr>\n<\/tbody>\n<\/table>\n","protected":false},"excerpt":{"rendered":"<p>1. Coloque a cadeira paralela \u00e0 cama e trave as rodas da cadeira e da cama. 2. Ajude o seu familiar a sentar-se na beira da cama o mais pr\u00f3ximo da cadeira. O movimento de se sentar na cama \u00e9 facilitado se ele antes se colocar numa posi\u00e7\u00e3o lateral elevando [&hellip;]<\/p>\n","protected":false},"author":1,"featured_media":0,"parent":710,"menu_order":2,"comment_status":"closed","ping_status":"closed","template":"","meta":{"spay_email":""},"jetpack_sharing_enabled":true,"jetpack_shortlink":"https:\/\/wp.me\/P8U6vi-bO","jetpack-related-posts":[{"id":742,"url":"http:\/\/pope.esenf.pt\/intentcare?page_id=742","url_meta":{"origin":732,"position":0},"title":"Transferir cama-cadeira: familiar n\u00e3o ajuda","date":"2 Julho, 2017","format":false,"excerpt":"1. Trave as rodas da cadeira e da cama. 2. Suba a cama. 3. Retire a almofada da cabe\u00e7a do seu familiar. 4. Mova o seu familiar o mais pr\u00f3ximo para a\u00a0 beira da cama. 5. Se tiver cama articulada, suba a cabeceira da cama a 90\u00ba. 6. Cruze os\u2026","rel":"","context":"Similar post","img":{"alt_text":"","src":"","width":0,"height":0},"classes":[]},{"id":739,"url":"http:\/\/pope.esenf.pt\/intentcare?page_id=739","url_meta":{"origin":732,"position":1},"title":"Transferir cadeira-cama: familiar consegue ajudar","date":"2 Julho, 2017","format":false,"excerpt":"http:\/\/pope.esenf.pt\/intentcare\/wp-content\/uploads\/2018\/06\/Transf_cad_cama_coop.mp4 Transferir cadeira-cama: familiar consegue ajudar: 1. Coloque a cadeira num \u00e2ngulo paralelo \u00e0 cama e trave as rodas da cadeira e da cama. 2. Coloque-se de forma que os joelhos do seu familiar fiquem encostados aos seus. Passe os bra\u00e7os em volta da cintura de seu familiar e pe\u00e7a-lhe\u2026","rel":"","context":"Similar post","img":{"alt_text":"","src":"","width":0,"height":0},"classes":[]},{"id":744,"url":"http:\/\/pope.esenf.pt\/intentcare?page_id=744","url_meta":{"origin":732,"position":2},"title":"Transferir cadeira-cama: familiar n\u00e3o ajuda","date":"2 Julho, 2017","format":false,"excerpt":"http:\/\/pope.esenf.pt\/intentcare\/wp-content\/uploads\/2018\/04\/Transf_cad_cama_ncoop.mp4 Transferir cadeira-cama: familiar n\u00e3o ajuda: 1. Des\u00e7a a cama at\u00e9 ao n\u00edvel da cadeira e trave-a. 2. Coloque a cadeira num \u00e2ngulo de 30\u00ba em rela\u00e7\u00e3o \u00e0 cama, afaste os pedais e trave tamb\u00e9m a cadeira. 3. Coloque-se \u00e0 frente do seu familiar com a anca e os joelhos\u2026","rel":"","context":"Similar post","img":{"alt_text":"","src":"","width":0,"height":0},"classes":[]},{"id":710,"url":"http:\/\/pope.esenf.pt\/intentcare?page_id=710","url_meta":{"origin":732,"position":3},"title":"Transferir Pessoa","date":"30 Junho, 2017","format":false,"excerpt":"Pretende-se responder \u00e0s quest\u00f5es: Como devo transferir o meu familiar da cadeira para a cama e da cama para a cadeira? Com que frequ\u00eancia devo transferir o meu familiar? A utiliza\u00e7\u00e3o de uma t\u00e9cnica adequada por parte do cuidador para transferir o seu familiar \u00e9 fundamental para evitar complica\u00e7\u00f5es. A\u2026","rel":"","context":"Similar post","img":{"alt_text":"","src":"","width":0,"height":0},"classes":[]},{"id":272,"url":"http:\/\/pope.esenf.pt\/intentcare?page_id=272","url_meta":{"origin":732,"position":4},"title":"Pessoa deitada para o lado direito","date":"15 Setembro, 2016","format":false,"excerpt":"1. Coloque o seu familiar de costas, assegurando que ocupa o lado esquerdo da cama. 2. Coloque-se do lado direito da cama. 3. Cruze o bra\u00e7o esquerdo do seu familiar sobre o peito e afaste ligeiramente o bra\u00e7o direito. 4. Coloque o p\u00e9 esquerdo sobre o direito. 5. Coloque uma\u2026","rel":"","context":"Similar post","img":{"alt_text":"","src":"","width":0,"height":0},"classes":[]},{"id":665,"url":"http:\/\/pope.esenf.pt\/intentcare?page_id=665","url_meta":{"origin":732,"position":5},"title":"Posicionar pessoa para ser alimentada","date":"18 Maio, 2017","format":false,"excerpt":"1. Sente o seu familiar numa cadeira com as costas bem apoiadas. 2. Se tiver cama articulada\u00a0eleve a cabeceira para que\u00a0 fique sentado. 3. Se n\u00e3o tiver cama articulada, sente-o recorrendo ao uso de almofadas. 4. Assegure que o seu familiar\u00a0 fique por mais 30-60 minutos ainda sentado depois de\u2026","rel":"","context":"Similar post","img":{"alt_text":"","src":"","width":0,"height":0},"classes":[]}],"_links":{"self":[{"href":"http:\/\/pope.esenf.pt\/intentcare\/index.php?rest_route=\/wp\/v2\/pages\/732"}],"collection":[{"href":"http:\/\/pope.esenf.pt\/intentcare\/index.php?rest_route=\/wp\/v2\/pages"}],"about":[{"href":"http:\/\/pope.esenf.pt\/intentcare\/index.php?rest_route=\/wp\/v2\/types\/page"}],"author":[{"embeddable":true,"href":"http:\/\/pope.esenf.pt\/intentcare\/index.php?rest_route=\/wp\/v2\/users\/1"}],"replies":[{"embeddable":true,"href":"http:\/\/pope.esenf.pt\/intentcare\/index.php?rest_route=%2Fwp%2Fv2%2Fcomments&post=732"}],"version-history":[{"count":21,"href":"http:\/\/pope.esenf.pt\/intentcare\/index.php?rest_route=\/wp\/v2\/pages\/732\/revisions"}],"predecessor-version":[{"id":1940,"href":"http:\/\/pope.esenf.pt\/intentcare\/index.php?rest_route=\/wp\/v2\/pages\/732\/revisions\/1940"}],"up":[{"embeddable":true,"href":"http:\/\/pope.esenf.pt\/intentcare\/index.php?rest_route=\/wp\/v2\/pages\/710"}],"wp:attachment":[{"href":"http:\/\/pope.esenf.pt\/intentcare\/index.php?rest_route=%2Fwp%2Fv2%2Fmedia&parent=732"}],"curies":[{"name":"wp","href":"https:\/\/api.w.org\/{rel}","templated":true}]}}