{"id":660,"date":"2017-05-18T12:04:02","date_gmt":"2017-05-18T12:04:02","guid":{"rendered":"http:\/\/pope.esenf.pt\/intentcare\/?page_id=660"},"modified":"2019-06-02T18:33:41","modified_gmt":"2019-06-02T18:33:41","slug":"introducao","status":"publish","type":"page","link":"http:\/\/pope.esenf.pt\/intentcare?page_id=660","title":{"rendered":"Alimenta\u00e7\u00e3o por sonda nasog\u00e1strica &#8211; introdu\u00e7\u00e3o"},"content":{"rendered":"<p>A alimenta\u00e7\u00e3o por sonda est\u00e1 indicada quando a pessoa n\u00e3o se pode alimentar pela boca, n\u00e3o consegue comer, ou quando a quantidade de \u00e1gua e alimentos n\u00e3o est\u00e1 a ser suficiente.<\/p>\n<p>A nutri\u00e7\u00e3o ent\u00e9rica deve ser prescrita pelo m\u00e9dico ou nutricionista e a sonda deve ser colocada por um enfermeiro.<\/p>\n<p>A nutri\u00e7\u00e3o ent\u00e9rica pode ser adquirida ou preparada em casa.<\/p>\n<p>As dietas caseiras s\u00e3o preparadas com alimentos naturais cozidos e triturados pela varinha m\u00e1gica, devendo ter consist\u00eancia l\u00edquida.<\/p>\n<p>A dieta comercializada j\u00e1 pronta para o consumo, \u00e9 mais cara e s\u00f3 pode ser usada durante 24 horas depois de aberta.<\/p>\n<table>\n<tbody>\n<tr>\n<td><a href=\"http:\/\/pope.esenf.pt\/intentcare\/?page_id=658&amp;lang=pt\">Anterior (alimentar atrav\u00e9s de SNG)<\/a><\/td>\n<td style=\"text-align: right;\"><a href=\"http:\/\/pope.esenf.pt\/intentcare\/?page_id=665&amp;lang=pt\">Seguinte (posicionar pessoa)<\/a><\/td>\n<\/tr>\n<\/tbody>\n<\/table>\n<p><strong>\u00a0<\/strong><\/p>\n","protected":false},"excerpt":{"rendered":"<p>A alimenta\u00e7\u00e3o por sonda est\u00e1 indicada quando a pessoa n\u00e3o se pode alimentar pela boca, n\u00e3o consegue comer, ou quando a quantidade de \u00e1gua e alimentos n\u00e3o est\u00e1 a ser suficiente. A nutri\u00e7\u00e3o ent\u00e9rica deve ser prescrita pelo m\u00e9dico ou nutricionista e a sonda deve ser colocada por um enfermeiro. [&hellip;]<\/p>\n","protected":false},"author":1,"featured_media":0,"parent":658,"menu_order":1,"comment_status":"closed","ping_status":"closed","template":"","meta":{"spay_email":""},"jetpack_sharing_enabled":true,"jetpack_shortlink":"https:\/\/wp.me\/P8U6vi-aE","jetpack-related-posts":[{"id":658,"url":"http:\/\/pope.esenf.pt\/intentcare?page_id=658","url_meta":{"origin":660,"position":0},"title":"Alimenta\u00e7\u00e3o atrav\u00e9s de sonda nasog\u00e1strica","date":"18 Maio, 2017","format":false,"excerpt":"Alimenta\u00e7\u00e3o atrav\u00e9s de sonda naso g\u00e1strica Pretende-se responder \u00e0s quest\u00f5es: Como devo alimentar o meu familiar? Como prevenir e tratar complica\u00e7\u00f5es? A informa\u00e7\u00e3o dispon\u00edvel \u00e9 um complemento das recomenda\u00e7\u00f5es dadas pelo enfermeiro. A alimenta\u00e7\u00e3o por sonda est\u00e1 indicada quando a pessoa n\u00e3o se pode alimentar pela boca, n\u00e3o consegue comer,\u2026","rel":"","context":"Similar post","img":{"alt_text":"","src":"","width":0,"height":0},"classes":[]},{"id":675,"url":"http:\/\/pope.esenf.pt\/intentcare?page_id=675","url_meta":{"origin":660,"position":1},"title":"Complica\u00e7\u00f5es e recomenda\u00e7\u00f5es","date":"18 Maio, 2017","format":false,"excerpt":"Desloca\u00e7\u00e3o da sonda ou sa\u00edda acidental: n\u00e3o tente recoloc\u00e1-la, contacte o enfermeiro. V\u00f3mitos: deve virar o seu familiar de lado para evitar que o conte\u00fado seja aspirado e chegue aos pulm\u00f5es. Deve interromper a alimenta\u00e7\u00e3o e contactar o enfermeiro. Diarreia: a alimenta\u00e7\u00e3o da pessoa com diarreia n\u00e3o deve ter alimentos\u2026","rel":"","context":"Similar post","img":{"alt_text":"","src":"","width":0,"height":0},"classes":[]},{"id":786,"url":"http:\/\/pope.esenf.pt\/intentcare?page_id=786","url_meta":{"origin":660,"position":2},"title":"Material para alimentar pessoa SNG","date":"3 Julho, 2017","format":false,"excerpt":"Bem vindo Em seguida poder\u00e1 observar algumas imagens relativas ao tema alimenta\u00e7\u00e3o atrav\u00e9s de sonda nasog\u00e1strica Equipamento \u00a0 Sonda nasog\u00e1strica Seringa de alimenta\u00e7\u00e3o Clampe Adesivo para colocar no nariz Resguardo Medicamento triturado Medicamento dilu\u00eddo\u00a0 na \u00e1gua Material necess\u00e1rio para preparar a alimenta\u00e7\u00e3o Imagens de procedimento \u00a0 Clampagem da sonda e\u2026","rel":"","context":"Similar post","img":{"alt_text":"","src":"https:\/\/i0.wp.com\/pope.esenf.pt\/intentcare\/wp-content\/uploads\/2017\/04\/sng-1.png?resize=350%2C200","width":350,"height":200},"classes":[]},{"id":673,"url":"http:\/\/pope.esenf.pt\/intentcare?page_id=673","url_meta":{"origin":660,"position":3},"title":"Alimentar atrav\u00e9s de sonda nasog\u00e1strica","date":"18 Maio, 2017","format":false,"excerpt":"1. Verifique a temperatura do alimento, colocando na parte interna do punho uma pequena quantidade. Alimentos muito quentes podem provocar queimaduras e muito frios desconforto. 2. Encha a seringa e adapte-a \u00e0 sonda nasog\u00e1strica. 3. Introduza o alimento lentamente, a refei\u00e7\u00e3o deve demorar cerca de 15 a 20 minutos. 4.\u2026","rel":"","context":"Similar post","img":{"alt_text":"","src":"","width":0,"height":0},"classes":[]},{"id":665,"url":"http:\/\/pope.esenf.pt\/intentcare?page_id=665","url_meta":{"origin":660,"position":4},"title":"Posicionar pessoa para ser alimentada","date":"18 Maio, 2017","format":false,"excerpt":"1. Sente o seu familiar numa cadeira com as costas bem apoiadas. 2. Se tiver cama articulada\u00a0eleve a cabeceira para que\u00a0 fique sentado. 3. Se n\u00e3o tiver cama articulada, sente-o recorrendo ao uso de almofadas. 4. Assegure que o seu familiar\u00a0 fique por mais 30-60 minutos ainda sentado depois de\u2026","rel":"","context":"Similar post","img":{"alt_text":"","src":"","width":0,"height":0},"classes":[]},{"id":771,"url":"http:\/\/pope.esenf.pt\/intentcare?page_id=771","url_meta":{"origin":660,"position":5},"title":"Dar xarope atrav\u00e9s da sonda nasog\u00e1strica","date":"2 Julho, 2017","format":false,"excerpt":"1. Lave as m\u00e3os. 2. Coloque \u00e1gua no copo. 3. Agite o xarope. 4. Coloque na colher medida o xarope pretendido. 5. Coloque no copo e mexa. 5. Aspire o conte\u00fado do medicamento para a seringa. 6. Retire o ar existente na seringa. 7. Antes de dar o medicamento deve\u2026","rel":"","context":"Similar post","img":{"alt_text":"","src":"","width":0,"height":0},"classes":[]}],"_links":{"self":[{"href":"http:\/\/pope.esenf.pt\/intentcare\/index.php?rest_route=\/wp\/v2\/pages\/660"}],"collection":[{"href":"http:\/\/pope.esenf.pt\/intentcare\/index.php?rest_route=\/wp\/v2\/pages"}],"about":[{"href":"http:\/\/pope.esenf.pt\/intentcare\/index.php?rest_route=\/wp\/v2\/types\/page"}],"author":[{"embeddable":true,"href":"http:\/\/pope.esenf.pt\/intentcare\/index.php?rest_route=\/wp\/v2\/users\/1"}],"replies":[{"embeddable":true,"href":"http:\/\/pope.esenf.pt\/intentcare\/index.php?rest_route=%2Fwp%2Fv2%2Fcomments&post=660"}],"version-history":[{"count":7,"href":"http:\/\/pope.esenf.pt\/intentcare\/index.php?rest_route=\/wp\/v2\/pages\/660\/revisions"}],"predecessor-version":[{"id":1868,"href":"http:\/\/pope.esenf.pt\/intentcare\/index.php?rest_route=\/wp\/v2\/pages\/660\/revisions\/1868"}],"up":[{"embeddable":true,"href":"http:\/\/pope.esenf.pt\/intentcare\/index.php?rest_route=\/wp\/v2\/pages\/658"}],"wp:attachment":[{"href":"http:\/\/pope.esenf.pt\/intentcare\/index.php?rest_route=%2Fwp%2Fv2%2Fmedia&parent=660"}],"curies":[{"name":"wp","href":"https:\/\/api.w.org\/{rel}","templated":true}]}}