{"id":658,"date":"2017-05-18T12:02:06","date_gmt":"2017-05-18T12:02:06","guid":{"rendered":"http:\/\/pope.esenf.pt\/intentcare\/?page_id=658"},"modified":"2022-06-27T22:00:33","modified_gmt":"2022-06-27T22:00:33","slug":"alimentar-atraves-de-sonda-nasogastrica","status":"publish","type":"page","link":"http:\/\/pope.esenf.pt\/intentcare?page_id=658","title":{"rendered":"Alimenta\u00e7\u00e3o atrav\u00e9s de sonda nasog\u00e1strica"},"content":{"rendered":"\t\t<div data-elementor-type=\"wp-page\" data-elementor-id=\"658\" class=\"elementor elementor-658\" data-elementor-settings=\"[]\">\n\t\t\t\t\t\t<div class=\"elementor-inner\">\n\t\t\t\t\t\t\t<div class=\"elementor-section-wrap\">\n\t\t\t\t\t\t\t<section class=\"elementor-section elementor-top-section elementor-element elementor-element-da0fdb2 elementor-section-boxed elementor-section-height-default elementor-section-height-default\" data-id=\"da0fdb2\" data-element_type=\"section\">\n\t\t\t\t\t\t<div class=\"elementor-container elementor-column-gap-default\">\n\t\t\t\t\t\t\t<div class=\"elementor-row\">\n\t\t\t\t\t<div class=\"elementor-column elementor-col-100 elementor-top-column elementor-element elementor-element-d05e408\" data-id=\"d05e408\" data-element_type=\"column\">\n\t\t\t<div class=\"elementor-column-wrap elementor-element-populated\">\n\t\t\t\t\t\t\t<div class=\"elementor-widget-wrap\">\n\t\t\t\t\t\t<div class=\"elementor-element elementor-element-1d6907e elementor-widget elementor-widget-heading\" data-id=\"1d6907e\" data-element_type=\"widget\" data-widget_type=\"heading.default\">\n\t\t\t\t<div class=\"elementor-widget-container\">\n\t\t\t<h1 class=\"elementor-heading-title elementor-size-default\">Alimenta\u00e7\u00e3o atrav\u00e9s de sonda naso g\u00e1strica<\/h1>\t\t<\/div>\n\t\t\t\t<\/div>\n\t\t\t\t\t\t<\/div>\n\t\t\t\t\t<\/div>\n\t\t<\/div>\n\t\t\t\t\t\t\t\t<\/div>\n\t\t\t\t\t<\/div>\n\t\t<\/section>\n\t\t\t\t<section class=\"elementor-section elementor-top-section elementor-element elementor-element-90fdfd7 elementor-section-boxed elementor-section-height-default elementor-section-height-default\" data-id=\"90fdfd7\" data-element_type=\"section\">\n\t\t\t\t\t\t<div class=\"elementor-container elementor-column-gap-default\">\n\t\t\t\t\t\t\t<div class=\"elementor-row\">\n\t\t\t\t\t<div class=\"elementor-column elementor-col-100 elementor-top-column elementor-element elementor-element-b8523da\" data-id=\"b8523da\" data-element_type=\"column\">\n\t\t\t<div class=\"elementor-column-wrap elementor-element-populated\">\n\t\t\t\t\t\t\t<div class=\"elementor-widget-wrap\">\n\t\t\t\t\t\t<div class=\"elementor-element elementor-element-392186b3 elementor-widget elementor-widget-text-editor\" data-id=\"392186b3\" data-element_type=\"widget\" data-widget_type=\"text-editor.default\">\n\t\t\t\t<div class=\"elementor-widget-container\">\n\t\t\t\t\t\t\t\t<div class=\"elementor-text-editor elementor-clearfix\">\n\t\t\t\t<p>Pretende-se responder \u00e0s quest\u00f5es:<\/p>\n<ul style=\"list-style-type: circle;\">\n<li><span style=\"color: #808000;\"><strong>Como devo alimentar o meu familiar?<\/strong><\/span><\/li>\n<li><span style=\"color: #808000;\"><strong>Como <g class=\"gr_ gr_10 gr-alert gr_spell gr_inline_cards gr_run_anim ContextualSpelling ins-del multiReplace\" id=\"10\" data-gr-id=\"10\">prevenir<\/g> e <g class=\"gr_ gr_11 gr-alert gr_spell gr_inline_cards gr_run_anim ContextualSpelling ins-del multiReplace\" id=\"11\" data-gr-id=\"11\">tratar<\/g> complica\u00e7\u00f5es?<\/strong><\/span><\/li>\n<\/ul>\n<p>A informa\u00e7\u00e3o dispon\u00edvel \u00e9 um <b>complemento das recomenda\u00e7\u00f5es dadas pelo enfermeiro<\/b>.<span style=\"color: #808000;\"><strong><\/strong><\/span><\/p>\n<p>A alimenta\u00e7\u00e3o por sonda est\u00e1 indicada quando a pessoa n\u00e3o se pode alimentar pela boca, n\u00e3o consegue comer, ou quando a quantidade de \u00e1gua e alimentos n\u00e3o est\u00e1 a ser suficiente.<\/p>\n<p>A nutri\u00e7\u00e3o ent\u00e9rica deve ser prescrita pelo m\u00e9dico ou nutricionista e a sonda deve ser colocada por um enfermeiro.<\/p>\n<p>A nutri\u00e7\u00e3o ent\u00e9rica pode ser adquirida ou preparada em casa.<\/p>\n<p>As dietas caseiras s\u00e3o preparadas com alimentos naturais cozidos e triturados pela varinha m\u00e1gica, devendo ter consist\u00eancia l\u00edquida.<\/p>\n<p>A dieta comercializada j\u00e1 pronta para o consumo, \u00e9 mais cara e s\u00f3 pode ser usada durante 24 horas depois de aberta.<\/p>\n<table style=\"height: 36px;\">\n<tbody>\n<tr style=\"height: 36px;\">\n<td style=\"height: 36px; width: 90.9px;\"><a href=\"http:\/\/pope.esenf.pt\/intentcare\/index.php\/pt\/temas\/\">Temas&nbsp;<\/a><\/td>\n<td style=\"text-align: right; height: 36px; width: 611.767px;\"><a href=\"http:\/\/pope.esenf.pt\/intentcare\/?page_id=660&amp;lang=pt\">Seguinte (alimenta\u00e7\u00e3o por SNG introdu\u00e7\u00e3o)<\/a><\/td>\n<\/tr>\n<\/tbody>\n<\/table>\n<p style=\"text-align: left;\"><strong>&nbsp; &nbsp; &nbsp; &nbsp; &nbsp; &nbsp; &nbsp; &nbsp; &nbsp; &nbsp; &nbsp; &nbsp; &nbsp; &nbsp; &nbsp; &nbsp; &nbsp; &nbsp; &nbsp; &nbsp; &nbsp; &nbsp; &nbsp; &nbsp; &nbsp; &nbsp; &nbsp; &nbsp; &nbsp; &nbsp; &nbsp; &nbsp; &nbsp; &nbsp; &nbsp; &nbsp; &nbsp; &nbsp; &nbsp; &nbsp; &nbsp; &nbsp; &nbsp; &nbsp; &nbsp; &nbsp; &nbsp; &nbsp; &nbsp; &nbsp; &nbsp; &nbsp; &nbsp; &nbsp; &nbsp; &nbsp; &nbsp; &nbsp; &nbsp; &nbsp; &nbsp; &nbsp; &nbsp; &nbsp; &nbsp; &nbsp; <br><\/strong><\/p>\n<p><!-- wp:paragraph --><\/p>\n<p><!-- \/wp:paragraph --><\/p>\t\t\t\t\t<\/div>\n\t\t\t\t\t\t<\/div>\n\t\t\t\t<\/div>\n\t\t\t\t\t\t<\/div>\n\t\t\t\t\t<\/div>\n\t\t<\/div>\n\t\t\t\t\t\t\t\t<\/div>\n\t\t\t\t\t<\/div>\n\t\t<\/section>\n\t\t\t\t\t\t<\/div>\n\t\t\t\t\t\t<\/div>\n\t\t\t\t\t<\/div>\n\t\t","protected":false},"excerpt":{"rendered":"<p>Alimenta\u00e7\u00e3o atrav\u00e9s de sonda naso g\u00e1strica Pretende-se responder \u00e0s quest\u00f5es: Como devo alimentar o meu familiar? Como prevenir e tratar complica\u00e7\u00f5es? A informa\u00e7\u00e3o dispon\u00edvel \u00e9 um complemento das recomenda\u00e7\u00f5es dadas pelo enfermeiro. A alimenta\u00e7\u00e3o por sonda est\u00e1 indicada quando a pessoa n\u00e3o se pode alimentar pela boca, n\u00e3o consegue comer, [&hellip;]<\/p>\n","protected":false},"author":1,"featured_media":0,"parent":6,"menu_order":0,"comment_status":"closed","ping_status":"closed","template":"","meta":{"spay_email":""},"jetpack_sharing_enabled":false,"jetpack_shortlink":"https:\/\/wp.me\/P8U6vi-aC","jetpack-related-posts":[{"id":660,"url":"http:\/\/pope.esenf.pt\/intentcare?page_id=660","url_meta":{"origin":658,"position":0},"title":"Alimenta\u00e7\u00e3o por sonda nasog\u00e1strica - introdu\u00e7\u00e3o","date":"18 Maio, 2017","format":false,"excerpt":"A alimenta\u00e7\u00e3o por sonda est\u00e1 indicada quando a pessoa n\u00e3o se pode alimentar pela boca, n\u00e3o consegue comer, ou quando a quantidade de \u00e1gua e alimentos n\u00e3o est\u00e1 a ser suficiente. A nutri\u00e7\u00e3o ent\u00e9rica deve ser prescrita pelo m\u00e9dico ou nutricionista e a sonda deve ser colocada por um enfermeiro.\u2026","rel":"","context":"Similar post","img":{"alt_text":"","src":"","width":0,"height":0},"classes":[]},{"id":675,"url":"http:\/\/pope.esenf.pt\/intentcare?page_id=675","url_meta":{"origin":658,"position":1},"title":"Complica\u00e7\u00f5es e recomenda\u00e7\u00f5es","date":"18 Maio, 2017","format":false,"excerpt":"Desloca\u00e7\u00e3o da sonda ou sa\u00edda acidental: n\u00e3o tente recoloc\u00e1-la, contacte o enfermeiro. V\u00f3mitos: deve virar o seu familiar de lado para evitar que o conte\u00fado seja aspirado e chegue aos pulm\u00f5es. Deve interromper a alimenta\u00e7\u00e3o e contactar o enfermeiro. Diarreia: a alimenta\u00e7\u00e3o da pessoa com diarreia n\u00e3o deve ter alimentos\u2026","rel":"","context":"Similar post","img":{"alt_text":"","src":"","width":0,"height":0},"classes":[]},{"id":673,"url":"http:\/\/pope.esenf.pt\/intentcare?page_id=673","url_meta":{"origin":658,"position":2},"title":"Alimentar atrav\u00e9s de sonda nasog\u00e1strica","date":"18 Maio, 2017","format":false,"excerpt":"1. Verifique a temperatura do alimento, colocando na parte interna do punho uma pequena quantidade. Alimentos muito quentes podem provocar queimaduras e muito frios desconforto. 2. Encha a seringa e adapte-a \u00e0 sonda nasog\u00e1strica. 3. Introduza o alimento lentamente, a refei\u00e7\u00e3o deve demorar cerca de 15 a 20 minutos. 4.\u2026","rel":"","context":"Similar post","img":{"alt_text":"","src":"","width":0,"height":0},"classes":[]},{"id":669,"url":"http:\/\/pope.esenf.pt\/intentcare?page_id=669","url_meta":{"origin":658,"position":3},"title":"Verificar o res\u00edduo g\u00e1strico \u00a0","date":"18 Maio, 2017","format":false,"excerpt":"1. Feche a sonda nasog\u00e1strica, dobrando a pr\u00f3pria sonda na extremidade. 2. Retire a tampa. 3. Com uma seringa de alimenta\u00e7\u00e3o aspirar. 4. Confirmar o aspecto e a quantidade do res\u00edduo g\u00e1strico. 5. Se a quantidade de l\u00edquido aspirado (alimento em digest\u00e3o) for mais do que metade da quantidade da\u2026","rel":"","context":"Similar post","img":{"alt_text":"","src":"","width":0,"height":0},"classes":[]},{"id":767,"url":"http:\/\/pope.esenf.pt\/intentcare?page_id=767","url_meta":{"origin":658,"position":4},"title":"Cuidados na manuten\u00e7\u00e3o da sonda","date":"2 Julho, 2017","format":false,"excerpt":"Lavagem da boca\u00a0com vista a manter uma higiene adequada deve-se lavar a boca ap\u00f3s as refei\u00e7\u00f5es e sempre que necess\u00e1rio. Trocar adesivo da sonda:\u00a01) troque diariamente o adesivo que fixa a sonda. Primeiro retire o adesivo da sonda e em seguida do nariz. Cuidado para n\u00e3o deslocar a sonda; 2)\u2026","rel":"","context":"Similar post","img":{"alt_text":"","src":"","width":0,"height":0},"classes":[]},{"id":786,"url":"http:\/\/pope.esenf.pt\/intentcare?page_id=786","url_meta":{"origin":658,"position":5},"title":"Material para alimentar pessoa SNG","date":"3 Julho, 2017","format":false,"excerpt":"Bem vindo Em seguida poder\u00e1 observar algumas imagens relativas ao tema alimenta\u00e7\u00e3o atrav\u00e9s de sonda nasog\u00e1strica Equipamento \u00a0 Sonda nasog\u00e1strica Seringa de alimenta\u00e7\u00e3o Clampe Adesivo para colocar no nariz Resguardo Medicamento triturado Medicamento dilu\u00eddo\u00a0 na \u00e1gua Material necess\u00e1rio para preparar a alimenta\u00e7\u00e3o Imagens de procedimento \u00a0 Clampagem da sonda e\u2026","rel":"","context":"Similar post","img":{"alt_text":"","src":"https:\/\/i0.wp.com\/pope.esenf.pt\/intentcare\/wp-content\/uploads\/2017\/04\/sng-1.png?resize=350%2C200","width":350,"height":200},"classes":[]}],"_links":{"self":[{"href":"http:\/\/pope.esenf.pt\/intentcare\/index.php?rest_route=\/wp\/v2\/pages\/658"}],"collection":[{"href":"http:\/\/pope.esenf.pt\/intentcare\/index.php?rest_route=\/wp\/v2\/pages"}],"about":[{"href":"http:\/\/pope.esenf.pt\/intentcare\/index.php?rest_route=\/wp\/v2\/types\/page"}],"author":[{"embeddable":true,"href":"http:\/\/pope.esenf.pt\/intentcare\/index.php?rest_route=\/wp\/v2\/users\/1"}],"replies":[{"embeddable":true,"href":"http:\/\/pope.esenf.pt\/intentcare\/index.php?rest_route=%2Fwp%2Fv2%2Fcomments&post=658"}],"version-history":[{"count":41,"href":"http:\/\/pope.esenf.pt\/intentcare\/index.php?rest_route=\/wp\/v2\/pages\/658\/revisions"}],"predecessor-version":[{"id":3230,"href":"http:\/\/pope.esenf.pt\/intentcare\/index.php?rest_route=\/wp\/v2\/pages\/658\/revisions\/3230"}],"up":[{"embeddable":true,"href":"http:\/\/pope.esenf.pt\/intentcare\/index.php?rest_route=\/wp\/v2\/pages\/6"}],"wp:attachment":[{"href":"http:\/\/pope.esenf.pt\/intentcare\/index.php?rest_route=%2Fwp%2Fv2%2Fmedia&parent=658"}],"curies":[{"name":"wp","href":"https:\/\/api.w.org\/{rel}","templated":true}]}}