{"id":1613,"date":"2019-03-28T11:06:55","date_gmt":"2019-03-28T11:06:55","guid":{"rendered":"http:\/\/pope.esenf.pt\/intentcare\/?page_id=1613"},"modified":"2019-07-29T08:13:15","modified_gmt":"2019-07-29T08:13:15","slug":"administracao-oral-pela-boca","status":"publish","type":"page","link":"http:\/\/pope.esenf.pt\/intentcare?page_id=1613","title":{"rendered":"Administra\u00e7\u00e3o oral (pela boca)"},"content":{"rendered":"\n<p><img data-attachment-id=\"2168\" data-permalink=\"http:\/\/pope.esenf.pt\/intentcare?attachment_id=2168\" data-orig-file=\"https:\/\/i0.wp.com\/pope.esenf.pt\/intentcare\/wp-content\/uploads\/2019\/07\/pill-Vaccine-696x392.jpg?fit=696%2C392\" data-orig-size=\"696,392\" data-comments-opened=\"1\" data-image-meta=\"{&quot;aperture&quot;:&quot;0&quot;,&quot;credit&quot;:&quot;&quot;,&quot;camera&quot;:&quot;&quot;,&quot;caption&quot;:&quot;&quot;,&quot;created_timestamp&quot;:&quot;0&quot;,&quot;copyright&quot;:&quot;&quot;,&quot;focal_length&quot;:&quot;0&quot;,&quot;iso&quot;:&quot;0&quot;,&quot;shutter_speed&quot;:&quot;0&quot;,&quot;title&quot;:&quot;&quot;,&quot;orientation&quot;:&quot;0&quot;}\" data-image-title=\"pill-Vaccine-696&#215;392\" data-image-description=\"\" data-medium-file=\"https:\/\/i0.wp.com\/pope.esenf.pt\/intentcare\/wp-content\/uploads\/2019\/07\/pill-Vaccine-696x392.jpg?fit=300%2C169\" data-large-file=\"https:\/\/i0.wp.com\/pope.esenf.pt\/intentcare\/wp-content\/uploads\/2019\/07\/pill-Vaccine-696x392.jpg?fit=696%2C392\" loading=\"lazy\" src=\"https:\/\/i0.wp.com\/pope.esenf.pt\/intentcare\/wp-content\/uploads\/2019\/07\/pill-Vaccine-696x392.jpg?resize=300%2C169\" alt=\"\" width=\"300\" height=\"169\" class=\"alignnone size-medium wp-image-2168 alignright\" srcset=\"https:\/\/i0.wp.com\/pope.esenf.pt\/intentcare\/wp-content\/uploads\/2019\/07\/pill-Vaccine-696x392.jpg?resize=300%2C169 300w, https:\/\/i0.wp.com\/pope.esenf.pt\/intentcare\/wp-content\/uploads\/2019\/07\/pill-Vaccine-696x392.jpg?resize=696%2C392 696w\" sizes=\"(max-width: 300px) 100vw, 300px\" data-recalc-dims=\"1\" \/><\/p>\n\n\n\n<p> Existem diferentes apresenta\u00e7\u00f5es de medicamentos a serem administrados por via oral, como, comprimidos, comprimidos efervescentes, c\u00e1psulas, drageias, xaropes, solu\u00e7\u00f5es, suspens\u00f5es, gotas, p\u00f3s e granulados.<\/p>\n\n\n\n<p> Existem medicamentos que n\u00e3o devem ser engolidos, como os sublinguais (que devem permanecer debaixo da l\u00edngua), ou orodispers\u00edveis, que devem ser dissolvidos na boca. <\/p>\n\n\n\n<p> Os medicamentos em p\u00f3, granulados ou comprimidos efervescentes devem ser ingeridos logo ap\u00f3s a sua dissolu\u00e7\u00e3o. <\/p>\n\n\n\n<p><\/p>\n\n\n\n<p> Os medicamentos com revestimento como as c\u00e1psulas ou drageias n\u00e3o devem ser triturados nem abertos. <\/p>\n\n\n\n<p><\/p>\n\n\n\n<p> As suspens\u00f5es orais (xaropes preparados) devem ser agitadas previamente \u00e0 sua administra\u00e7\u00e3o.  <\/p>\n\n\n\n<p><\/p>\n\n\n\n<p> Tenha em aten\u00e7\u00e3o que a utiliza\u00e7\u00e3o de sumos, leite ou outros l\u00edquidos podem influenciar a absor\u00e7\u00e3o de alguns medicamentos (consultar folheto informativo do medicamento). Est\u00e1 contraindicado a ingest\u00e3o de \u00e1lcool com medicamentos.  <\/p>\n\n\n\n<p> Ofere\u00e7a \u00e1gua ao seu familiar em quantidade adequada para que ele consiga engolir o medicamento com seguran\u00e7a. <\/p>\n\n\n\n<p> A posi\u00e7\u00e3o sentada ou a cabeceira da cama elevada facilita a ingest\u00e3o da medica\u00e7\u00e3o. <\/p>\n\n\n\n<p> A inclina\u00e7\u00e3o ligeira da cabe\u00e7a para a frente, ajuda a engolir os medicamentos e l\u00edquidos, prevenindo a entrada destes nas vias respirat\u00f3rias. <\/p>\n\n\n\n<p> Assegure-se que o seu familiar tomou a medica\u00e7\u00e3o. No final da toma da medica\u00e7\u00e3o deve verificar discretamente se ficou na boca ou na m\u00e3o do seu familiar algum medicamento. <strong> <\/strong><\/p>\n\n\n<table>\n<tbody>\n<tr>\n<td><a href=\"http:\/\/pope.esenf.pt\/intentcare\/?page_id=1606&amp;lang=pt\">Anterior (recomenda\u00e7\u00f5es gerais)<\/a><\/td>\n<td style=\"text-align: right;\"><a href=\"http:\/\/pope.esenf.pt\/intentcare\/?page_id=1617&amp;lang=pt\">Seguinte (administra\u00e7\u00e3o oftalmol\u00f3gica)<\/a><\/td>\n<\/tr>\n<\/tbody>\n<\/table>","protected":false},"excerpt":{"rendered":"<p>Existem diferentes apresenta\u00e7\u00f5es de medicamentos a serem administrados por via oral, como, comprimidos, comprimidos efervescentes, c\u00e1psulas, drageias, xaropes, solu\u00e7\u00f5es, suspens\u00f5es, gotas, p\u00f3s e granulados. Existem medicamentos que n\u00e3o devem ser engolidos, como os sublinguais (que devem permanecer debaixo da l\u00edngua), ou orodispers\u00edveis, que devem ser dissolvidos na boca. Os medicamentos [&hellip;]<\/p>\n","protected":false},"author":1,"featured_media":0,"parent":0,"menu_order":0,"comment_status":"closed","ping_status":"closed","template":"","meta":{"spay_email":""},"jetpack_sharing_enabled":true,"jetpack_shortlink":"https:\/\/wp.me\/P8U6vi-q1","jetpack-related-posts":[{"id":1673,"url":"http:\/\/pope.esenf.pt\/intentcare?page_id=1673","url_meta":{"origin":1613,"position":0},"title":"Situa\u00e7\u00f5es especiais","date":"28 Mar\u00e7o, 2019","format":false,"excerpt":"O que fazer quando o seu familiar se recusa a tomar a medica\u00e7\u00e3o? Tente perceber o que provoca a recusa dos medicamentos; N\u00e3o pressione a toma da medica\u00e7\u00e3o. Explique calmamente a import\u00e2ncia do medicamento. Se necess\u00e1rio, fa\u00e7a uma pausa, antes de voltar a tentar; Experimente dar o medicamento com os\u2026","rel":"","context":"Similar post","img":{"alt_text":"","src":"","width":0,"height":0},"classes":[]},{"id":1606,"url":"http:\/\/pope.esenf.pt\/intentcare?page_id=1606","url_meta":{"origin":1613,"position":1},"title":"Recomenda\u00e7\u00f5es gerais","date":"28 Mar\u00e7o, 2019","format":false,"excerpt":"\u00c9 importante ler e conservar o folheto informativo do medicamento para o consultar sempre que surja alguma d\u00favida. Esteja especialmente alerta sobre as intera\u00e7\u00f5es com outros medicamentos, contraindica\u00e7\u00f5es e indica\u00e7\u00f5es espec\u00edficas. Se ap\u00f3s a leitura do folheto informativo, alguma d\u00favida persistir deve contactar o m\u00e9dico, enfermeiro ou farmac\u00eautico. D\u00ea especial\u2026","rel":"","context":"Similar post","img":{"alt_text":"","src":"","width":0,"height":0},"classes":[]},{"id":1617,"url":"http:\/\/pope.esenf.pt\/intentcare?page_id=1617","url_meta":{"origin":1613,"position":2},"title":"Administra\u00e7\u00e3o oft\u00e1lmica (nos olhos)","date":"28 Mar\u00e7o, 2019","format":false,"excerpt":"Administra\u00e7\u00e3o oft\u00e1lmica (nos olhos) Os col\u00edrios e pomadas s\u00e3o exemplos de apresenta\u00e7\u00f5es de medicamentos oft\u00e1lmicos. \u00c9 importante que as pessoas saibam que com a aplica\u00e7\u00e3o de col\u00edrios e ou pomadas, a vis\u00e3o pode ficar temporariamente alterada. O seu familiar deve deitar-se ou sentar-se com a cabe\u00e7a ligeiramente inclinada para tr\u00e1s.\u2026","rel":"","context":"Similar post","img":{"alt_text":"","src":"","width":0,"height":0},"classes":[]},{"id":1645,"url":"http:\/\/pope.esenf.pt\/intentcare?page_id=1645","url_meta":{"origin":1613,"position":3},"title":"Administra\u00e7\u00e3o cut\u00e2nea (na pele)","date":"28 Mar\u00e7o, 2019","format":false,"excerpt":"Existem diferentes apresenta\u00e7\u00f5es de medicamentos a serem aplicados na pele, nomeadamente, sob a forma de pomada, creme, lo\u00e7\u00e3o, gel, adesivo transd\u00e9rmico ou spray. Antes de administrar a medica\u00e7\u00e3o, deve lavar e secar o local de aplica\u00e7\u00e3o do medicamento. Os medicamentos sob a forma de pomada, creme, lo\u00e7\u00e3o e gel devem\u2026","rel":"","context":"Similar post","img":{"alt_text":"","src":"","width":0,"height":0},"classes":[]},{"id":1649,"url":"http:\/\/pope.esenf.pt\/intentcare?page_id=1649","url_meta":{"origin":1613,"position":4},"title":"Administra\u00e7\u00e3o rectal","date":"28 Mar\u00e7o, 2019","format":false,"excerpt":"A administra\u00e7\u00e3o de medicamentos por via rectal \u00e9 feita introduzindo o medicamento no an\u00fbs. Calce umas luvas descart\u00e1veis. Posicione o seu familiar ou ajude-o a posicionar-se deitado sobre o lado esquerdo, com a perna que fica por cima fletida Solicite ao seu familiar que respire lenta e profundamente, antes da\u2026","rel":"","context":"Similar post","img":{"alt_text":"","src":"","width":0,"height":0},"classes":[]},{"id":1692,"url":"http:\/\/pope.esenf.pt\/intentcare?page_id=1692","url_meta":{"origin":1613,"position":5},"title":"Administra\u00e7\u00e3o inalat\u00f3ria","date":"29 Mar\u00e7o, 2019","format":false,"excerpt":"A administra\u00e7\u00e3o de medicamentos por via inalat\u00f3ria \u00e9 feita atrav\u00e9s do nariz e ou boca para ter efeito nas vias respirat\u00f3rias. A posi\u00e7\u00e3o sentada ou a cabeceira da cama elevada facilita os movimentos respirat\u00f3rios e a efic\u00e1cia da administra\u00e7\u00e3o por esta via. Incentive o seu familiar a tossir, a assoar-se\u2026","rel":"","context":"Similar post","img":{"alt_text":"","src":"https:\/\/i1.wp.com\/pope.esenf.pt\/intentcare\/wp-content\/uploads\/2019\/07\/a1.png?resize=350%2C200","width":350,"height":200},"classes":[]}],"_links":{"self":[{"href":"http:\/\/pope.esenf.pt\/intentcare\/index.php?rest_route=\/wp\/v2\/pages\/1613"}],"collection":[{"href":"http:\/\/pope.esenf.pt\/intentcare\/index.php?rest_route=\/wp\/v2\/pages"}],"about":[{"href":"http:\/\/pope.esenf.pt\/intentcare\/index.php?rest_route=\/wp\/v2\/types\/page"}],"author":[{"embeddable":true,"href":"http:\/\/pope.esenf.pt\/intentcare\/index.php?rest_route=\/wp\/v2\/users\/1"}],"replies":[{"embeddable":true,"href":"http:\/\/pope.esenf.pt\/intentcare\/index.php?rest_route=%2Fwp%2Fv2%2Fcomments&post=1613"}],"version-history":[{"count":5,"href":"http:\/\/pope.esenf.pt\/intentcare\/index.php?rest_route=\/wp\/v2\/pages\/1613\/revisions"}],"predecessor-version":[{"id":2921,"href":"http:\/\/pope.esenf.pt\/intentcare\/index.php?rest_route=\/wp\/v2\/pages\/1613\/revisions\/2921"}],"wp:attachment":[{"href":"http:\/\/pope.esenf.pt\/intentcare\/index.php?rest_route=%2Fwp%2Fv2%2Fmedia&parent=1613"}],"curies":[{"name":"wp","href":"https:\/\/api.w.org\/{rel}","templated":true}]}}